79. What is the units digit of 4832/24 - 3*2/t?
1
Let l = -340 + 862. Let j = l - 349. What is the tens digit of j?
7
Suppose 4*s + 1037 - 4221 = 0. Suppose -s = -p + 5*h, 0*p + 5*p + h = 3850. What is the units digit of p?
1
Suppose -5*u + 31 - 1 = 0. Suppose 0 = u*g - 11*g + 105. Suppose -19*z - 132 = -g*z. What is the tens digit of z?
6
Suppose -62722 - 154748 - 61998 = -28*f. What is the hundreds digit of f?
9
Let y(n) = -n**2 - 41*n - 208. Let o be y(-35). What is the thousands digit of 2389233/1771 - o/23?
1
Let f be (-15)/(2 - -1) + 10. Let s(x) = 3*x**3 - 4*x + 1. What is the units digit of s(f)?
6
Let o be (-6 - (-220)/15) + (-2)/3. Let b(u) = 7*u + 116. What is the units digit of b(o)?
2
Let c(h) = h**3 - 16*h**2 - 47*h - 284. What is the hundreds digit of c(27)?
4
Suppose -5*b = -4*i + 35, i + 5*b - 11 - 4 = 0. Let w(a) = 38*a - 5. What is the hundreds digit of w(i)?
3
Suppose -3*h - 8 = -23. Suppose -2*m = -2*g + 640, -h*m + 2072 = 5*g + 462. What is the hundreds digit of g?
3
Suppose 140*s - 172868 = 117*s. What is the units digit of s?
6
What is the units digit of (-73086)/(-8) + (-6)/(-24) - (-2 + -2)?
0
Let j(i) = 5*i**2 - 5*i + 3. Let s(c) = -c**3 - 8*c**2 - 9*c - 10. Suppose -14 = 3*a + 7. Let v be s(a). What is the tens digit of j(v)?
6
Let d = 2358 + -487. What is the hundreds digit of d?
8
Let x be (-1 - 55/3)*1500/(-40). Suppose 0 = -2*l + 4*f + x + 2185, -2*f = -4. What is the thousands digit of l?
1
Suppose 3*i - 2*j = 14, -2*i = -3*i - j + 3. Suppose 2*y - 202 = -3*q, 5*q - 341 + 19 = i*y. What is the units digit of q?
6
Let c(q) be the third derivative of 0 + 1/8*q**4 - 5/2*q**3 + 1/120*q**6 + 0*q + 16*q**2 - 1/20*q**5. What is the units digit of c(7)?
2
Let h = 32094 + -16505. What is the thousands digit of h?
5
Let f(x) = -25*x + 7. Let z = 26 - 26. Suppose -5*h - 14 - 1 = z. What is the tens digit of f(h)?
8
Suppose 0 = -8605*b + 8600*b + 21590. What is the hundreds digit of b?
3
Suppose -2*q = -9*x + 5*x + 36802, 9204 = x - 4*q. Suppose 8080 = 27*v - x. What is the tens digit of v?
4
Let x(s) = 0*s**2 + 18*s - s**2 - s**3 + 4*s. What is the tens digit of x(-9)?
5
Let m(g) = -220*g - 1514. What is the hundreds digit of m(-42)?
7
Suppose 67*u - 151450 = 17*u. What is the units digit of u?
9
Suppose -2*x = -115 - 21. Suppose 0 = x*k - 70*k + 1090. What is the units digit of k?
5
Let g(s) = s**2 - 5*s - 31. Let u(q) = q**3 + 13*q**2 + 2*q + 20. Let r be u(-13). Let d(w) = 15*w + 82. Let j be d(r). What is the tens digit of g(j)?
7
Suppose -829 = 3*h + k - 51, -4*h + k = 1042. Let v = 145 + h. Let i = 61 - v. What is the tens digit of i?
7
Let z be 1/(112/108 + -1). Let v = 26 - z. What is the tens digit of ((-96)/60)/(v/15)?
2
Suppose 15178 = -117*d + 119*d + 3*t, -5*d + t = -37911. What is the tens digit of d?
8
What is the tens digit of 171/114*(-2 - -26878)?
1
Suppose 2004 = 4*w + 3*n, 0*w = w + 2*n - 496. Let a = -51 + 55. Suppose 3*d - d + a*c - w = 0, -1305 = -5*d + 5*c. What is the tens digit of d?
5
Suppose -16 - 82 = -14*a. Let y(i) = -82 + 29*i - 21*i + 19*i + 20*i. What is the tens digit of y(a)?
4
Suppose -4*g - 377 = -2321. Suppose -8 + 2 = 3*a, b - a = 4. Suppose -m + g = b*m. What is the units digit of m?
2
Let i(v) = 79*v**2 - 40*v + 37. What is the tens digit of i(13)?
6
Suppose 0 = 3*b - 6, b - 4 = -3*t - b. Suppose -5*i + t*h = 4*h + 1419, 4 = h. Let o = i - -453. What is the units digit of o?
6
Let b(f) = f**2 - 8*f + 42. Suppose 4*t - 4 = -16, -5*t = 4*i - 17. What is the tens digit of b(i)?
4
Suppose -4*u - 2*l = -4, 3*u - 3*l + 4*l - 5 = 0. What is the units digit of 2/(-3) - (-878)/u?
2
Let n(y) = -3*y**3 - 28*y**2 + 7*y + 4. What is the hundreds digit of n(-14)?
6
Let u = -278 - -9565. What is the hundreds digit of u?
2
Let z = -31597 - -57987. What is the ten thousands digit of z?
2
Let c be 5*4*5/(-3 - -8). Suppose -17*b + c = -15*b. What is the units digit of b?
0
Let a be 261/45 + (-8)/10 + 16. Let b(y) = 3*y**2 - 25*y + 84. What is the units digit of b(a)?
2
Let l(i) = i + 2. Let o be l(2). Let c be (-1182)/(-1379) - 477/(-7). Suppose 0 = o*j + 9 - c. What is the units digit of j?
5
What is the tens digit of -6 + -7 - -12 - -3383?
8
Let m = -2608 - -7834. What is the thousands digit of m?
5
Suppose 1959520 = 527*o + 412*o - 347*o. What is the thousands digit of o?
3
Let d(a) be the second derivative of -122*a**3/3 + 7*a**2/2 - 184*a. What is the hundreds digit of d(-1)?
2
Suppose 51189 = 2*b + 2*z + 17913, 2*b = 2*z + 33292. What is the hundreds digit of b?
6
Let o(u) = -44*u**2 - 3*u - 14. Let b(y) = -104*y**2 - 7*y - 27. Let q(x) = 3*b(x) - 7*o(x). Let r = 0 - 0. What is the tens digit of q(r)?
1
Let n = 11756 - 3597. What is the hundreds digit of n?
1
Suppose 44174 = 13*k - 208533. What is the tens digit of k?
3
Let v(z) = -z**3 - z**2 + 2. Let d be v(0). Suppose -j - d = 3*i - 13, 5 = -5*j. Suppose 3*u + 3*t = 394 + 41, i*u + t = 592. What is the tens digit of u?
4
Let q be 8/(-28) + 3 + (-6)/(-21). Suppose 0 = 2*g + 8, 2*h + q*g + 178 = -0*g. What is the tens digit of -1*h*(0 + 1)?
8
Suppose -5*o + 10 - 11 = -2*c, 2*c + 4*o + 26 = 0. Let v(t) = 3*t**2 - 4*t - 4. What is the hundreds digit of v(c)?
1
Let b be (3 - 92/28)*-14. Suppose -113 = b*g + 315. Let y = g - -129. What is the units digit of y?
2
Let c = 31076 - 21851. What is the units digit of c?
5
Suppose 3*b = 5*r - 0*r + 725, 2*b - 578 = 4*r. Let t be 4/(-60)*-3 + r/10. What is the tens digit of 2/4 + (-399)/t?
2
Let v(s) = -10*s**3 - 90*s**2 + 11*s + 42. What is the tens digit of v(-16)?
8
Let z be 4/34 + 9684/(-4573). Let t(p) be the third derivative of -35*p**4/8 - 11*p**3/6 - p**2. What is the units digit of t(z)?
9
Let b(u) = 656*u**2 - 2*u - 2. Suppose 5*w - 5 = -5*z, 7*w + 6 = -2*z + 9*w. What is the units digit of b(z)?
6
What is the units digit of 2/9 + (-242859)/(-27)?
5
Let z(i) = -21*i - 49. Let y(x) = x**2 - 28*x - 99. Let a be y(31). What is the tens digit of z(a)?
7
Suppose -r - 3*r + 40 = 0. Let v = -14 + r. What is the tens digit of 6568/104 - v/(-26)?
6
Suppose 63289 = 4*m + 1371*p - 1372*p, 4*p = 3*m - 47483. What is the tens digit of m?
2
Let x(h) = -9 + 21*h + 22 + 29. What is the tens digit of x(8)?
1
Suppose -95*z - 77*z - 1209364 = -4165012. What is the hundreds digit of z?
1
Let t(i) = -2*i - 1. Let d(h) = -20*h - 23. Let w(r) = d(r) - 4*t(r). Let q be w(-16). What is the hundreds digit of -4 + q + 3 + -4?
1
Suppose -51*q + 2660583 = 76*q + 298637. What is the thousands digit of q?
8
Suppose 2*q + 26 = 4. What is the units digit of q/(-55) - 128/(-10)?
3
Let a be (0/(-2))/((-39)/(-13)). Suppose 0 = -2*w - 4*g + 98, -5*w - g = -a*w - 245. What is the units digit of w + (-3 + 2 - 1)?
7
Let j be (-3)/(24/(-58)) - (-1)/(-4). Suppose -72 = -j*y + 54. Suppose -17*t + y*t = 87. What is the units digit of t?
7
Let c(b) = b**2 + 5*b - 5. Let a = -151 + 142. What is the tens digit of c(a)?
3
Suppose 8 = -i + 2*k, 2*k + 4 - 12 = 2*i. Let x = -6366 + 6369. Suppose p - 100 = -m, -4*p = -i*m + x*m - 305. What is the units digit of m?
5
Let c = -3608 - -3965. Let n = -367 + 138. Let y = c + n. What is the units digit of y?
8
Let r(f) = -f**3 - 27*f**2 - 47*f - 37. What is the tens digit of r(-31)?
6
Let n(r) = -r**3 - 126*r**2 - 1838*r - 96. What is the tens digit of n(-114)?
8
Suppose -13*g + 9*g = -5*l + 283625, -510576 = -9*l - 3*g. What is the hundreds digit of l?
7
Let y be ((-27)/(-18))/(10/(-8) - -2). Suppose -2*j - 2*j + 5*v = 585, y*v = -j - 130. Let a = 0 - j. What is the hundreds digit of a?
1
Let l(n) = n**3 - 7*n**2 + 22*n - 6. Let t be l(6). Suppose -5*m + 100 = 3*v, 2*v - 2*m - t = -2*v. What is the tens digit of -3*v/60*-12?
1
Suppose 0 = 3*y - 4*v + 96, -5*v = -7 - 8. What is the hundreds digit of (-991)/(-1) + (-30 - y)?
9
Let c be ((28 - 1) + 1)*(-16043)/(-122). Suppose -7*x + c = 70. What is the tens digit of x?
1
Let o(f) = -2*f + 32. Let u be o(15). Suppose 0*c - 3*z + 387 = c, 0 = -u*z - 8. What is the hundreds digit of c?
3
Suppose -3*u + 8*t = 4*t + 9, 0 = t + 3. Let h(z) = -z**3 - 5*z**2 + 14*z + 2. Let x be h(u). What is the units digit of 51/x*-5*(5 + -7)?
5
Suppose -18 = -6*j + 12. Suppose -k + 4*q = 17, -17 = 3*k - 0*q + j*q. What is the units digit of (k/5)/((-7)/35)?
9
Let q = -8